 derivative of -n**7/840 + n**6/360 - n**5/120 - n**4/8 + n**3/3 + 3*n. Let b(j) be the second derivative of w(j). What is b(0)?
-3
Let f(d) = -d + 2. Let c be f(3). Let a = -1 + -5. Let v(k) = 3*k**2 - 6*k + 7. Let w(l) = 3*l**2 - 5*l + 6. Let u(h) = a*w(h) + 5*v(h). Calculate u(c).
-4
Suppose -p + z + 17 = -6*p, -3*z = -9. Let c(v) = 3*v - 3 + v**2 + 0*v - 2. Calculate c(p).
-1
Let m(r) = -r. Let b be 2 + -21 + (-2)/2. Let i be 24/10 - (-8)/b. Let z(f) = 3*f - 2. Let v(j) = i*m(j) + z(j). Give v(4).
2
Let q(t) be the second derivative of 2*t**3/3 + 2*t**2 - 2*t. Calculate q(-4).
-12
Let c(i) = i**3 - 6*i**2 + 5*i - 6. Let q be (25/20)/((-2)/8). Let s = 0 - q. Calculate c(s).
-6
Let m(c) be the second derivative of c**3/2 + 2*c**2 + 3*c. Let q(w) = w - 1. Let b(s) = m(s) + 5*q(s). Let h(j) = 2*j**2 - 2*j + 1. Let u be h(1). Give b(u).
7
Let d(z) = 1 + 5*z - 7*z - 1. Give d(2).
-4
Let t(c) be the second derivative of c**5/20 + c**4/2 - c**3 + 9*c**2/2 - 33*c. Give t(-7).
2
Let m(j) = j**2 - j - 4. Let l(v) = -v - 1. Let i(u) = -3*l(u) + m(u). Suppose 18*w + 2 = 19*w - 2*f, 8 = 4*w - 2*f. Calculate i(w).
7
Let i(g) = 2*g - 1. Suppose 3 = -3*l - 0. Let b(v) = -v + 2. Let t be b(-2). Let o be (l + t)/(-3)*-3. Give i(o).
5
Let p(f) = f + 15. Let v be p(-10). Let x(m) = 0*m + 7*m - v - m**2 - 1. Give x(7).
-6
Let r(l) be the second derivative of -l**4/4 + l**3/6 + l**2/2 + 2*l. Let f = -3 + 5. Determine r(f).
-9
Let u(s) = -2*s + 26. Let n be u(16). Let l(c) = c**3 + 6*c**2 - 3*c. Calculate l(n).
18
Let i(x) = 10*x - 15. Let n(l) = 5*l - 8. Let a(m) = -4*i(m) + 7*n(m). Determine a(-6).
34
Suppose -2*k = -y - 4, 13 = -2*y - 2*k - 1. Let h = 4 + y. Let i be (12/8)/(h/4). Let n(s) = -s**2 - 4*s. Determine n(i).
3
Let b(m) = 3*m**3 + 3*m**2 - 4*m + 4. Let r(v) = -4*v**3 - 2*v**2 + 3*v - 3. Let q(t) = 5*b(t) + 4*r(t). Let n = 9 - 3. Determine q(n).
-4
Let k be 4/10 - 26/(-10). Let q be 13/k + 4/6. Let x(o) be the second derivative of -o**3/6 + 2*o**2 + o - 23. Calculate x(q).
-1
Suppose 3*l = -b - 2*b - 15, 25 = -2*l - 5*b. Let r(d) = d**2 - d + 5. Calculate r(l).
5
Let a(d) = -d**3 + 1. Let f be 1 + (2 - 4 - -3). Suppose 0 = -5*y - 3*q, -3*y - f*y = 4*q. Determine a(y).
1
Let g(i) = -i**3 - 4*i + 5*i - 4 + 3 + i**2. Let y be -1 - (-3 + (3 - 3)). What is g(y)?
-3
Let w be -3*(-3)/(18/4). Let p(m) = -m**w + 2*m - 3*m**2 - 2 + 10*m**3 - 9*m**3. Let s = 0 + 4. Calculate p(s).
6
Suppose -m = m. Let g(w) = -13*w + 25. Let k(p) = 10*p + 6 + 10*p - 23*p. Let q(n) = -2*g(n) + 9*k(n). Give q(m).
4
Let v(o) = 3*o + 1. Let g = -8 - -7. Determine v(g).
-2
Let c = -3 + 3. Suppose 2*b + c*b = 0. Suppose b = -t + 5*t. Let x(s) = -s**2 - s + 8. Calculate x(t).
8
Let z(y) = 57*y - 59*y - 2 + 1 + 2. Let p(m) be the first derivative of m**4/4 + m**3/3 - 3*m**2/2 - m + 2. Let v be p(-2). Calculate z(v).
-1
Suppose -22 = -m - 18. Suppose 11 = -5*s + m*t, -3 = 5*s - 5*t + 7. Let y(k) = 2*k**2 + 4*k - 1. Calculate y(s).
5
Let r(n) = -n - 4. Let t be r(-5). Let v(m) = -m + t - 1. Let c be (6/15)/(2/(-10)). Give v(c).
2
Let m(x) = 4*x + 1. Let n(k) = 2*k + 1. Let a(g) = -6*m(g) + 11*n(g). Suppose -2*h - h - 18 = 0. Let q be (-2)/h + 70/15. Give a(q).
-5
Let m(r) = 5*r**3 + 13*r**2 + 4*r - 9. Let f(k) = -k**3 - 3*k**2 - k + 2. Let v(t) = -9*f(t) - 2*m(t). Suppose 7*i = 4*i. Give v(i).
0
Let t(z) = -z + 12. Let o be t(10). Let f = -1 - -2. Let a(w) = w - w + f - o*w. What is a(4)?
-7
Let f be 2/(-2*(-2)/(-20)). Let z be 84/(-30) - (-2)/f. Let x(s) = -4 + 2 + s - 2*s. What is x(z)?
1
Suppose -5*q = -2 - 23. Let i(p) = -13*p**3 - 5*p**2 + 6*p - 1. Let l(x) = -12*x**3 - 4*x**2 + 5*x - 1. Let v(w) = q*i(w) - 6*l(w). What is v(1)?
7
Let a(h) = 5*h**2 + 6*h + 1. Let g(m) = 9*m**2 + 11*m + 1. Let y(p) = 11*a(p) - 6*g(p). Let q(i) = -i. Let l(w) = 6*q(w) + y(w). What is l(4)?
-3
Let v(q) = -q**3 - 4*q**2 + 7*q + 4. Suppose 5*r - 35 = 4*z, -4*r = -3*z - 15 - 12. What is v(z)?
-6
Let h(w) be the third derivative of w**5/60 - 5*w**4/24 + 2*w**3/3 - 27*w**2. Determine h(4).
0
Let u be (6/(-8))/(10/(-2280)). Let x(n) = u*n + 4 - 1 - n**3 - 167*n. What is x(-2)?
3
Let w be (-14)/(-35) + 26/10. Let z(p) = w*p + p - p - 1 + p**2. What is z(-3)?
-1
Let v(b) = b**3 + b**2 - b + 1. Suppose -h = 2*h. Let t be v(h). Let q(l) = l + 1. Let r(y) = -4*y - 3. Let j(m) = -3*q(m) - r(m). Give j(t).
1
Let z(b) = -4*b - 5*b**2 + 4 + b - b**3 - 3. Give z(-4).
-3
Let r(z) = z**3 - 4*z**2 + 4*z - 2. Let i be r(3). Let w(k) = 1. Let b(u) = 1 - 3*u + 2*u - 8. Let d(t) = i*b(t) + 3*w(t). What is d(-3)?
-1
Suppose -3*u - 8 = j, -4*u - j = -0*j + 12. Let r(x) = -x**2 - 2*x + 5. Give r(u).
-3
Let m be (3 - 4)/(27/(-6) - -5). Let y(h) = -4*h - 5. Determine y(m).
3
Let l(f) = f**3 + f**2 - f - 1. Let w be l(-2). Let c(n) = -n**2 - 4*n - 2. Give c(w).
1
Let o(j) be the third derivative of -j**4/24 + j**3 + j**2. Suppose -4*u + 8 = -0*u. Suppose -2*i + 12 = -3*m, -u*i = 3*i - m - 17. Determine o(i).
3
Let k(i) = i**3 + 2 + 5*i + 1 - 6*i**2 - 2 + 0*i**3. What is k(5)?
1
Suppose p + 4 = 4*w - w, 0 = 5*w - 3*p. Let z(k) = -k - w*k + 2 - k**2 + 2*k**2. Determine z(5).
7
Let k(l) = l + 9. Suppose -8 = -q - 2*m + 6*m, 0 = 5*q - 3*m - 23. Suppose q*c - 5*c = 1, d - 4*c - 6 = 0. Suppose d*s - s = 0. Calculate k(s).
9
Let u = -29 - -34. Let x(b) = b**3 - 4*b**2 - 4*b - 6. Calculate x(u).
-1
Suppose 0 = 5*g - 3*g - 8. Let v be g/18 - (-42)/54. Let w(d) be the first derivative of 7*d**4/4 - d**3/3 + d**2/2 - 4. Calculate w(v).
7
Let f(c) = -c - 1. Let s be -2 + -3 + -1 + -1. Let d be f(s). Let b(r) = -r + 14. What is b(d)?
8
Let g(d) = d**3 - 4*d**2 + 3*d - 3. Let z be g(3). Let j(n) be the third derivative of -n**6/120 - n**5/20 - n**4/24 + 2*n**3/3 - n**2. Give j(z).
7
Let n(f) = 5*f**3 + 5*f**2 - 7. Let i(o) = -5*o**3 + 7*o**3 - 3*o**3. Let w(k) = 4*i(k) + n(k). Determine w(-5).
-7
Let y(q) = 4*q**2 + 1 - 7*q - 10*q**2 + 1 + 7*q**2. What is y(9)?
20
Let l(b) = -9*b + 1. Let c be l(-1). Let a = c - 7. Suppose 3*h + 2*h = a*i - 15, -2*i = 0. Let r(d) = 4*d + 1. What is r(h)?
-11
Let w(f) = f**2 + 4*f + 4. Let r(i) = -i**3 + i**2 - i + 10. Let p be r(0). Suppose p = 3*t - 5*t. Determine w(t).
9
Let a be 12/(-8)*28/6. Let y(z) = -z**3 - 12*z**2 - 2*z. Let r(d) = d**3 + 13*d**2 + d - 1. Let q(n) = a*y(n) - 6*r(n). What is q(-5)?
-9
Let v(h) = 7*h**2 - 3*h**3 - 5*h + 5*h**3 - 3*h**3 - 6. Let j be v(6). Suppose -5 = 3*i + 5*s, -5*s + j = -5*i + 5. Let c(f) = f**2 - f + 5. Calculate c(i).
5
Let p(m) = -7*m + 10. Let n(s) = s - 1. Let c(z) = -5*n(z) - p(z). Determine c(6).
7
Let u be 18*(2 + 8/(-6)). Suppose u - 2 = 5*k. Let s(l) = 4*l**k + l**2 + 3 + 0*l - l**2 + 4*l. Calculate s(-2).
11
Let k(f) = -f**3 + 3*f**2 - f - 3. Let t(d) = -d**3 + 2*d**2 - 2. Let n(z) = 2*k(z) - 3*t(z). Give n(2).
4
Let f(b) = -b**3 + 3*b**2 - 2*b. Let k(m) = -2*m - 3. Let n(d) = 4*d + 7. Let s(a) = 5*k(a) + 2*n(a). Let v be s(-2). Give f(v).
-6
Let p(u) = -3*u**2 - 2 - 5*u**2 + 6 + u**3 + 12*u**2. Give p(-3).
13
Suppose 2 = -2*x - 2*h, -x = -0*h + 3*h + 9. Let w(s) = s**2 - 4*s - 2. Determine w(x).
-5
Let c be 1/4 + (-28)/(-16). Let x(l) = 3*l**2 + 2 - 6 - c*l - l**3 + 2. Calculate x(2).
-2
Let n = 84 - 87. Let l(q) = 8*q + 2. Calculate l(n).
-22
Suppose 4*j + 16 = 8*j. Suppose j*o = -o - 20. Let a(h) be the second derivative of -h**4/12 - 2*h**3/3 + 5*h**2/2 - 6*h. Calculate a(o).
5
Let k(j) = 2*j - 2. Let v(l) = 1. Let d(w) = k(w) + 6*v(w). Let c be 82/7 - (-2)/7. Suppose -3*m = -s + 2*s + c, 8 = -m + s. What is d(m)?
-6
Suppose -2*d + 10 = -0*d. Let k(l) = 3*l - 2*l - 7 + 0*l. Give k(d).
-2
Suppose 3 = 5*o - 12. Let t = o + 0. Let m(q) be the second derivative of -q**4/12 + q**3/3 - 2*q**2 - 81*q. What is m(t)?
-7
Let s(n) be the first derivative of 4 + 1/3*n**3 - 12*n - 1/2*n**2. Give s(0).
-12
Let i = -2 - -5. Let x(l) = 2*l - 1 + i - 1. Let b(u) = -2*u + 3. Let m be b(3). Give x(m).
-5
Let t(f) = f**3 - 5*f**2 - 7*f + 7. Let x be t(6). Suppose 2*z + z - 18 = 0. Let g(p) = 3*p + z - 4 - 1. What is g(x)?
4
Let u(w) = 0*w**2 - 2*w**2 - w**2 + 0*w**2 - 3*w. Calculate u(-2).
-6
Suppose 0 = -8*z + 3*z - 30. Let m(g) be the third derivative of g**5/60 + 5*g**4/24 - g**3/2 + 31*g**2. Calculate m(z).
3
Suppose 2*z - 10 = -0*z - 2*p, 3*p - 15 = -4*z. Suppose 